61
In base 11, what is -316570 + a1?
-31647a
In base 8, what is -73 - -335071?
334776
In base 8, what is -1246110455 - 0?
-1246110455
In base 16, what is -1909f + -8?
-190a7
In base 2, what is 100100111001010101 - -100?
100100111001011001
In base 14, what is 230b - c6?
2225
In base 6, what is 1011334545 - 3?
1011334542
In base 6, what is 5510014 - -11245?
5521303
In base 7, what is -11 + 2253203121?
2253203110
In base 8, what is -103544124 - -4?
-103544120
In base 2, what is 11 + -10010110001110010110?
-10010110001110010011
In base 5, what is 10 + -222444020121?
-222444020111
In base 16, what is -396 + 29845?
294af
In base 12, what is 22 - b5728b?
-b57269
In base 11, what is 65a + 9424?
9a83
In base 9, what is 8275 - -5544?
14830
In base 4, what is 33122320 + -220?
33122100
In base 3, what is -11200020002211 + 10?
-11200020002201
In base 3, what is -10122112 + -1221212010?
-2002111122
In base 4, what is -33232003333 - -1023?
-33232002310
In base 9, what is 152615 - -15680?
168405
In base 15, what is -15893b - -173?
-1587b8
In base 15, what is -9 - b5b2a0?
-b5b2a9
In base 11, what is 35670 + -75?
355a6
In base 4, what is 31211210 - -1?
31211211
In base 6, what is -1112153 - 3151?
-1115344
In base 10, what is 358771106 + -5?
358771101
In base 7, what is -210356 + 60614?
-116442
In base 14, what is 74c56dc + -b?
74c56d1
In base 5, what is -1040222112 - -1340?
-1040220222
In base 6, what is -4 + 1111500250?
1111500242
In base 11, what is 9a - 128a68?
-128979
In base 7, what is 0 + 41110054?
41110054
In base 5, what is -324042312 - 1404?
-324044221
In base 8, what is -3 - -34423512?
34423507
In base 2, what is 11010000100110001100 + -1001011000?
11010000011100110100
In base 7, what is 15112646 - 15?
15112631
In base 12, what is -31a5 + 4198?
bb3
In base 16, what is -321ba - 15?
-321cf
In base 15, what is 1 - 6a22221?
-6a22220
In base 16, what is -d + 4d4356?
4d4349
In base 3, what is 2 + 1110210012010210?
1110210012010212
In base 15, what is 2 - 31be952?
-31be950
In base 12, what is 2804211 - 18?
28041b5
In base 5, what is -220112403 - -10320?
-220102033
In base 2, what is -100 - -10111011110101110001011?
10111011110101110000111
In base 5, what is -22043443210 - 0?
-22043443210
In base 10, what is -102 + -9135?
-9237
In base 13, what is 29342887 + 0?
29342887
In base 10, what is 4 + -1138126?
-1138122
In base 8, what is -1440 + 65641?
64201
In base 6, what is 145032422300 + -2?
145032422254
In base 10, what is -1436470 + 4?
-1436466
In base 9, what is 21460 + -36166?
-14606
In base 7, what is -1221623 - -651?
-1220642
In base 3, what is -211022111 + 1122012021?
210212210
In base 10, what is 11 + -3837606?
-3837595
In base 6, what is 2 - -32414320?
32414322
In base 9, what is 3286 - 32422?
-28125
In base 14, what is 1101d + 1679?
12698
In base 2, what is -1111101000011 + 10101101011?
-1100111011000
In base 14, what is -127 - -c68?
b41
In base 16, what is -777845 - 39?
-77787e
In base 14, what is 28 - 18dc79?
-18dc51
In base 5, what is -314001 + -13304?
-332310
In base 13, what is 2accb + -67c4?
24507
In base 10, what is 13 + 3769647?
3769660
In base 13, what is -9aa5 - ac1?
-a896
In base 4, what is 31210 + 10222132?
10320002
In base 12, what is 67b - 53a6?
-4927
In base 6, what is 44452 - 2303522?
-2215030
In base 9, what is -12 - -804115?
804103
In base 14, what is 0 - -46382d9?
46382d9
In base 7, what is 11 - 2003324?
-2003313
In base 6, what is -23242 + 305125?
241443
In base 2, what is 110 + -11111111110101001010110011?
-11111111110101001010101101
In base 6, what is -4 + 30454344?
30454340
In base 7, what is 41404420 - 5?
41404412
In base 13, what is 35 - 19b391?
-19b359
In base 13, what is -6 + 70a8c22?
70a8c19
In base 2, what is 10001001 + -11111101000100111?
-11111100110011110
In base 10, what is -283526 - 88?
-283614
In base 16, what is -4 + -6b53c7?
-6b53cb
In base 8, what is 7 + 5071375?
5071404
In base 9, what is 22 - -1611421?
1611443
In base 7, what is -4 - -1320354342?
1320354335
In base 7, what is -1 - -11521450?
11521446
In base 11, what is 6970 - 274?
66a7
In base 6, what is -140 + 5403211?
5403031
In base 4, what is -13232 + 12203013?
12123121
In base 4, what is 2010101321 - 31?
2010101230
In base 14, what is -114 + 559ad?
55899
In base 10, what is -10598575 - 4?
-10598579
In base 3, what is -1100002002110102 + 121?
-1100002002102211
In base 13, what is -24cb + 1902?
-8c9
In base 2, what is -1000000010100001011 + -110110110?
-1000000011011000001
In base 15, what is 6caad - 7?
6caa6
In base 2, what is -101100101000010011111000011 - 101?
-101100101000010011111001000
In base 16, what is -2 - -91dde96?
91dde94
In base 11, what is 2a14a4 + -32?
2a1472
In base 5, what is 100004322 + -333?
100003434
In base 15, what is 4c5a09 - -12?
4c5a1b
In base 10, what is 0 + 11419843?
11419843
In base 3, what is 1200012111102 - -21120?
1200012202222
In base 13, what is 7 - -2c99c64?
2c99c6b
In base 11, what is 1 + a549a6?
a549a7
In base 16, what is -494c75 - 8?
-494c7d
In base 15, what is -2aacd9 - 4?
-2aacdd
In base 7, what is -23262 + 10425?
-12534
In base 7, what is 203 + 35150?
35353
In base 16, what is 92d1 + -4e1?
8df0
In base 11, what is -7373367 + a?
-7373358
In base 2, what is 101 + 1010111100110100100011111001?
1010111100110100100011111110
In base 9, what is -217875772 + -2?
-217875774
In base 11, what is 2940378 + 1?
2940379
In base 13, what is 9 + -1a7786?
-1a777a
In base 8, what is -4226070 - 3?
-4226073
In base 12, what is 2 + 1b1005a?
1b10060
In base 8, what is 3 - -2321630052?
2321630055
In base 14, what is -65bd73 + -a?
-65bd7d
In base 10, what is -468 + -21922?
-22390
In base 13, what is 692 + -a92?
-400
In base 11, what is -12 - 376826?
-376838
In base 9, what is -653 - -164373?
163620
In base 6, what is -5 - 204020542?
-204020551
In base 10, what is 31610 - -3928?
35538
In base 6, what is 2352 + -3513453?
-3511101
In base 10, what is 179 - -1792?
1971
In base 5, what is -3 + -224204423?
-224204431
In base 14, what is -d6c9ad + 5?
-d6c9a8
In base 15, what is 49d - 11dae?
-11911
In base 15, what is 1 + -179b53?
-179b52
In base 10, what is 25 + 5541883?
5541908
In base 12, what is a76398 + 242?
a7661a
In base 5, what is 223313014 - 1013?
223312001
In base 8, what is -1201 - 50123?
-51324
In base 13, what is -a6c1 + 34c7?
-71c7
In base 13, what is 0 - -258a64b?
258a64b
In base 7, what is -55515164 + -5?
-55515202
In base 9, what is -31776 + 16164?
-14612
In base 13, what is 2621 - -6486?
8aa7
In base 7, what is -46343234 - -4?
-46343230
In base 5, what is -1 + -241121?
-241122
In base 9, what is 40237803 + 5?
40237808
In base 6, what is 333404405 + -2?
333404403
In base 12, what is -a200a - -107?
-a1b03
In base 3, what is -12 - -1112012002211?
1112012002122
In base 7, what is 101 + -10030333?
-10030232
In base 6, what is -22420003 - 2035?
-22422042
In base 6, what is -311100245 + -23?
-311100312
In base 16, what is 4 - -525f1f?
525f23
In base 14, what is c + -d1db5?
-d1da7
In base 7, what is -12354 - 416061?
-431445
In base 13, what is a57 + 23c?
c96
In base 16, what is -14 - -3e262f?
3e261b
In base 8, what is -42 - -52025406?
52025344
In base 14, what is 16784 - 977?
15c0b
In base 16, what is 6d951e + -17?
6d9507
In base 8, what is -37512401 + 10?
-37512371
In base 4, what is 11213022100 - -1001?
11213023101
In base 16, what is -c06 + -3415?
-401b
In base 14, what is -184322bc + -4?
-184322c2
In base 5, what is 101203023 + 110?
101203133
In base 11, what is -23157 - -8995?
-15272
In base 12, what is -268a918 - -3?
-268a915
In base 5, what is -31134313 - 422?
-31140240
In base 7, what is 43 - -426416?
426462
In base 5, what is 242310 + -443211?
-200401
In base 5, what is 201432430 + -1?
201432424
In base 2, what is -10111111100110010101001101001 - -11?
-10111111100110010101001100110
In base 2, what is -10111011010001000 - -11000101000?
-10111000001100000
In base 3, what is -22212200 - 10212222?
-110202122
In base 9, what is 57271816 - 6?
57271810
In base 5, what is 20344312123302 + -2?
20344312123300
In base 2, what is 1001110111000110001011001100 + 10?
1001110111000110001011001110
In base 7, what is 2053 + -4420135?
-4415052
In base 12, what is 30b567b2 - -3?
30b567b5
In base 13, what is 1013 + -18387?
-17374
In base 7, what is 